uppose c*d + 23*d - 24832 = 0. List the prime factors of d.
2, 97
Suppose 358*l - 2*w + 676 = 359*l, l = -3*w + 681. What are the prime factors of l?
2, 3, 37
Let c = -15 + 75. Suppose 4*f - c = -2*f. Suppose f*n = 5*n + 70. List the prime factors of n.
2, 7
Let u(v) = -v + 9. Let n be u(7). Suppose -6*l + 5*l + k = -196, 5*l - 986 = 3*k. List the prime factors of ((-8)/(-20))/n + l/5.
2, 5
Suppose -150 = 4*z + 110. Let r = -67 - z. List the prime factors of (-36 + 5)*(r + 0/(-1)).
2, 31
Let y(u) = -2*u - 51. Let c be y(-27). Suppose 2*f + 2141 = c*p + 4*f, -2*p + 5*f + 1440 = 0. List the prime factors of p.
5, 11, 13
Suppose -5*t - 7*r - 65599 = -271931, 0 = -t + 2*r + 41297. List the prime factors of t.
7, 5897
Let h(c) = c**2 - 13*c - 19. Let r be h(15). Suppose -705 = -r*l + 648. List the prime factors of l.
3, 41
Let v(j) = 54*j**2 + 46*j + 258. List the prime factors of v(-16).
2, 6673
Let v(m) = -164*m + 18. Let z be (12/8)/((-6)/16). Let c be v(z). Let t = c + -366. List the prime factors of t.
2, 7, 11
Let j(k) = 10*k**2 + k - 2. Let d be j(-4). Let c = 147 - 240. Let f = d + c. List the prime factors of f.
61
Suppose 0 = -n + 5*u + 880, -n = -0*n - 3*u - 890. Suppose -2*w + 5*q = -n, -893 = -2*w - 0*q + q. List the prime factors of w.
5, 89
Suppose -2*u + 5*i + 27302 = 0, 197*u - 201*u - 4*i = -54520. What are the prime factors of u?
2, 7, 487
Let o = 125 + -126. Let x = 12 - 9. What are the prime factors of 0 - o - ((-183)/1)/x?
2, 31
Let y(n) = -n**3 - n**2 - 68*n + 34600. What are the prime factors of y(0)?
2, 5, 173
Let j be (-4)/22 + 342/(-132)*-2. Suppose -4*m + 3*m = -j*m. List the prime factors of 74 - m*4/(-12).
2, 37
Suppose 0 = -4*s + 9*s + 450. Let g = s - -94. Suppose -f = -g*j + 3*f + 8, 0 = -j + 3*f. List the prime factors of j.
3
Suppose -7*k - 28971 = -8041. Let o = -1930 - k. List the prime factors of o.
2, 5, 53
Let m be 0/((-20 - -15)/(-6 + 1)). List the prime factors of 21*-1*(m - 763/21).
7, 109
List the prime factors of (-7 + (-4)/(-12)*34571)*3/2.
5, 691
Let r = 364 + -820. Let z = -235 - r. What are the prime factors of z?
13, 17
Let d(z) = 481*z**2 - 361*z + 1773. List the prime factors of d(5).
67, 179
Let l be -2 + 3 - 0 - 338. Let f = l - -645. List the prime factors of f.
2, 7, 11
Let o = 31 - 26. Suppose 3*g = 3*b - 4*b + 84, -o*g = 3*b - 264. Suppose -2*r + 30 + b = -5*l, l + 201 = 4*r. What are the prime factors of r?
7
Let r = -188 - -196. List the prime factors of (-15)/(-60) + (8638/r - -1).
23, 47
Let w = 667 + -313. Suppose -4*n - w = -3*o, -2*o + n = -0*n - 236. Suppose p + 13 = u + 62, 2*p = -3*u + o. What are the prime factors of p?
53
Let v(j) = 3*j**2 - 235*j + 7909. What are the prime factors of v(29)?
3617
Suppose 7 = k + 5*z, 15 + 13 = -k + 2*z. List the prime factors of ((-8)/k)/((-20)/(-270)).
2, 3
Suppose 0*r = 4*u - 5*r - 65, 5*u - 35 = -3*r. Suppose 2*c + 19 = 2*q + 7, u = 5*c. Let n = 21 - q. What are the prime factors of n?
13
Suppose -10*m = 3*m - 12*m - 26064. List the prime factors of m.
2, 3, 181
Suppose -5*h = -0*h + 5. Let n be -9*(h - (-2)/3). Suppose n*g + 2*o = 173, -2*o + 127 = 5*g - 156. List the prime factors of g.
5, 11
Suppose -56 - 64 = -20*c. Suppose -3*s = 5*z - 4455, 3*z - 2689 = c*s - 11*s. List the prime factors of z.
2, 3, 37
Let i(y) = 84*y**2 + 471*y + 8419. List the prime factors of i(-19).
2, 14897
Suppose 0 = 6*x - 24*x - 6066. Let o = 509 + x. What are the prime factors of o?
2, 43
Let v(r) = 123*r + 6061. List the prime factors of v(0).
11, 19, 29
What are the prime factors of (-6)/15 + (-1245266)/(-115)?
2, 2707
Let p = 1 - -1. Suppose 2*g + 2*g = 8, p*a - g - 180 = 0. Let f = 88 + a. List the prime factors of f.
179
Let a be 4*(-1)/(-7) + 50260/196. Suppose -4*r = g - a, g + 0*g - 4*r - 249 = 0. What are the prime factors of g?
11, 23
Let q be ((-8)/3)/(10/30). Let l(h) = -12 + 15 - 8 + 9*h + 2*h**2. List the prime factors of l(q).
3, 17
Let l be (-87)/(-27) - 4/18 - 23. Let s be -325 + l/(-30)*(-6)/(-4). Let k = 549 + s. What are the prime factors of k?
3, 5
Suppose -4*p = -12, 3*i - 3*p = -5*p - 1896. Let f = i + 921. List the prime factors of f.
7, 41
Suppose -4573 = 2*o + m, 0 = 3*o - m - 0*m + 6862. Let u = -1189 - o. What are the prime factors of u?
2, 3, 61
Suppose -13*a - 3042 = 5*a. List the prime factors of (a/(-3))/(2 + (-5)/3).
13
Let u(q) = q**3 + 48*q**2 + 265*q + 109. List the prime factors of u(-35).
3, 751
Suppose -10 - 224 = 9*h. Let o(g) = g**2 + 20*g + 74. List the prime factors of o(h).
2, 5, 23
Let i(u) = u**2 + 10*u - 20. Let g be i(-11). Let x(d) = d**2 + 6*d - 28. Let s be x(g). List the prime factors of ((-8)/(-8 - 0))/(s/(-229)).
229
Suppose 75*k - 78*k = 3*o - 149973, -14 = 2*k. What are the prime factors of o?
2, 3, 13, 641
Suppose 11*g - 52740 = 119197 - 18102. What are the prime factors of g?
5, 2797
Let x(q) = -4*q - 29. Let t(u) = 2*u + 15. Let h(j) = 13*t(j) + 6*x(j). Let d be h(-12). List the prime factors of ((-27)/12)/(d/(12/1)).
3
Let z = -35972 - -95089. What are the prime factors of z?
31, 1907
Suppose -1080 - 12 = 4*i. Let a = -138 - i. What are the prime factors of a?
3, 5
Suppose 5*v + 4 = -1, -34 = w - v. What are the prime factors of (-24)/28 + (-9165)/w?
3, 29
Suppose -90 = n - 7*n. Suppose -6*a + 3*a + n = 0. Suppose 0 = -a*r + 268 + 637. What are the prime factors of r?
181
Let t(l) = 159*l**3 + 2*l**2 + 43*l - 66. List the prime factors of t(6).
2, 3, 7, 103
Suppose 5 = -20*l + 65. Let t(n) = -12*n - 15. Let a be t(-8). Suppose -459 = -l*o - a. What are the prime factors of o?
2, 3, 7
Let o(y) = 16*y**2 - 14*y + 23. Let n be o(9). Let s = -677 + n. What are the prime factors of s?
2, 3, 43
Suppose 9*b - 11*b + 8 = 0. What are the prime factors of 3 + (-288)/30*(-10)/b?
3
Let d be 6 + -5 + -8 + -117. Let y = 754 + d. What are the prime factors of y?
2, 3, 5, 7
Suppose 90*g - 1187316 = -39*g. What are the prime factors of g?
2, 3, 13, 59
Let k(p) = -p**2 - 4*p. Let x be k(-3). List the prime factors of 428 + (x - 0) + 1.
2, 3
Let x be ((-846)/21)/(5/(-315)). List the prime factors of (-23 + 0)/((-54)/x).
23, 47
Let f(d) = d**3 + 90*d**2 - 106*d - 391. List the prime factors of f(-30).
109, 521
Let z(o) = 1246*o + 626. What are the prime factors of z(10)?
2, 3, 727
Suppose -111 = -3*d - 3*j, -2*j = -d - 2*d + 136. List the prime factors of d.
2, 3, 7
Let a(m) = 5*m**2 - 17*m + 18. Let s be (-1)/((-6)/(-21))*120/(-42). What are the prime factors of a(s)?
2, 3, 29
Let q(g) = 3 + 0 + 5 - 134*g - 6. Suppose 5*f - 12 = -5*p + 8, -4*p + 5*f = 29. List the prime factors of q(p).
2, 17
Suppose 0 = f + 212*u - 210*u - 14116, -5*u + 42350 = 3*f. What are the prime factors of f?
2, 5, 353
Let w(b) = 67*b - 762. List the prime factors of w(105).
3, 17, 41
Let k = -154 + 396. Let g = 1092 - k. What are the prime factors of g?
2, 5, 17
Let z be (5 + 3/18*789)*58. Suppose j = 14*j - z. List the prime factors of j.
3, 7, 29
List the prime factors of -10*(-56040)/50 + 0.
2, 3, 467
Let o(g) = 6*g**2 + 3*g + 3. Let k be o(-1). Suppose -2*s + 104 = -5*a, k*a - 3*a = 5*s - 260. List the prime factors of s.
2, 13
Let y = -17 - -21. Suppose x + 1305 = 4*x - 3*f, x + y*f - 425 = 0. List the prime factors of x.
433
Suppose 45*o + 548254 = 1807779 + 1139830. What are the prime factors of o?
3, 7, 2539
Let o be 12/(-9) - 1/3*50. Let d = 18 + o. What are the prime factors of d + 2/(-6) - (-890)/6?
2, 37
Let j be -17 + 19 + (3 - 0). Suppose 0 = j*u - 3*b - 101, -15 = -u - 5*b + 3*b. Suppose -15*w - 152 = -u*w. List the prime factors of w.
2, 19
Let g(z) = -5*z + 45. Let t(a) = 18 - 26 + 9. Let o(v) = g(v) - 6*t(v). List the prime factors of o(-18).
3, 43
Let f(m) = 10*m**3 + 51*m**2 + 35*m + 70. List the prime factors of f(14).
2, 7, 23, 59
Let m = 6777 + -281. What are the prime factors of m?
2, 7, 29
Let u = -10084 + 17032. List the prime factors of u.
2, 3, 193
Suppose 2*i = -4*d - 20, -12 = 5*i + 5*d + 13. Suppose -20*n + 1294 = -1726. Suppose p - n + 14 = i. List the prime factors of p.
137
Let p(y) = 23*y - 130. Let a be p(6). Suppose 0*u - 6304 = -a*u. What are the prime factors of u?
2, 197
Let d(b) = -555*b - 1146. List the prime factors of d(-4).
2, 3, 179
Let i be ((-30)/9)/(-5)*60/(-1). Let u = i + 45. Suppose -u*c - 4